culate the greatest common factor of p and 7.
7
Suppose -4*d - 3*c + 35 = 0, 0 = 2*d + c - 12 - 7. Let v be -1*(1 + 2 + -1). Let z be (0 + v)/((-1)/22). Calculate the highest common divisor of d and z.
11
Suppose -v + 34 = -74. What is the highest common factor of 12 and v?
12
Suppose 0 = -3*d + 6*d + 165. Let q = -10 - d. What is the highest common divisor of q and 5?
5
Suppose 2*d - 4 = -0*d. Calculate the greatest common divisor of 4 and d.
2
Suppose 0 = -d - 5*u + 6 + 23, 7 = -2*d + 3*u. Let t be d/10 + (-138)/(-5). Calculate the greatest common factor of 4 and t.
4
Let t = 2 - -1. Let z be (-1)/(3/(-9)) - t. Let x(n) = -n + 1. Let l be x(z). Calculate the highest common factor of l and 5.
1
Let m(a) = 4*a + 1. Let l(n) = -3*n**2 + n. Let j be l(1). Let b be m(j). Let r = 15 + b. Calculate the greatest common factor of r and 4.
4
Suppose 0 = 2*k - 8. Suppose 4*t + 3 = 5*c, 4*t - k*c = -0*c. Let a be 9 + (2 - 7) + 2. Calculate the greatest common divisor of t and a.
3
Suppose 5*p = -3*z + 176, -3*z + 3*p + 132 = -12. Let x = z + -27. What is the highest common factor of x and 25?
25
Suppose -3*r - r = -o + 4, -5*o + 3*r = -54. Suppose -2*h + 6 = -2. Let c = h + 2. What is the greatest common divisor of o and c?
6
Let h(d) = -10*d - 15. Let f be h(-8). Calculate the highest common factor of 13 and f.
13
Suppose 5*l + 22 = 62. What is the greatest common factor of 24 and l?
8
Suppose 3*t = 4*p + 140, 3*p + 0*p - 3 = 0. What is the highest common factor of t and 24?
24
Let g be 22 + (-1 - -2)/(-1). Let n be (-748)/(-55) - (-4)/10. What is the highest common divisor of n and g?
7
Let k(d) = d**3 + 6*d**2 - 6*d + 7. Let n be k(-7). Let x(g) = g**3 + g**2 + g + 6. Let w be x(n). What is the greatest common factor of w and 9?
3
Suppose 0 = 6*q - 2*q - 40. Let b = q + 16. Calculate the greatest common factor of 39 and b.
13
Let q(j) = -j**3 - 5*j**2 + 2*j - 5. Suppose 4*g + 16 = -8. Let d be q(g). Calculate the highest common divisor of d and 38.
19
Suppose 2*k = -6 - 8. Let o = 19 + -32. Let r = k - o. What is the greatest common divisor of r and 24?
6
Let t(j) = -j**3 - 3*j**2 - 4*j. Let n be t(-6). What is the greatest common factor of 12 and n?
12
Let t be ((-15)/20)/((-2)/8). Let a = -5 - -10. Suppose -a*o + 20 = 0, 0 = -x - 0*o - 4*o + 19. Calculate the highest common factor of t and x.
3
Let m = 623 - 417. Suppose 5*j - 19 = m. Let x = -37 - -52. What is the greatest common divisor of x and j?
15
Suppose -288 = -4*f - 76. Let o = f + -25. What is the highest common divisor of o and 70?
14
Let c(b) = -b**2 + 12*b + 4. Let w be c(12). Calculate the greatest common factor of 4 and w.
4
Let q(j) = 2*j - 1. Let t be q(2). Let u(y) = y**3 - 3*y**2 + y - 2. Let v be u(t). Let r be -1 - (-9)/v - 2. Calculate the highest common factor of 30 and r.
6
Suppose 3*k + 119 = 8. Let b = -13 - 12. Let c = b - k. What is the highest common factor of 4 and c?
4
Let s(o) = 5*o - 5. Suppose -12*u + 7*u + 15 = 0. Let a be s(u). Calculate the greatest common divisor of 10 and a.
10
Suppose 8*s - 12*s + 28 = 0. What is the highest common factor of 7 and s?
7
Let p(y) = y**3 - 9*y**2 + 9*y - 8. Let r be p(8). Suppose -5*v + r*v - 20 = 0. Let s be (2*v)/(4/(-10)). What is the greatest common divisor of s and 20?
20
Let b(n) = -70*n. Let r be b(-5). What is the greatest common factor of r and 35?
35
Suppose -70 = h - 6*h. Suppose 3*f = g + h, 5*f = -g + 13 + 5. Suppose f*i - 7 = -3. Calculate the highest common factor of 7 and i.
1
Let u(r) = -r**3 + 2*r**2 + 3*r + 2. Suppose 5*k - 19 + 4 = 0. Let d be u(k). Calculate the greatest common divisor of 5 and d.
1
Let m(a) = 24*a. Let l be m(2). Let y = 12 - 0. What is the greatest common divisor of l and y?
12
Let d be -602 + (0 - -8)/4. Let t be ((-12)/(-8))/((-9)/d). What is the greatest common divisor of t and 25?
25
Suppose 0 = s + 2*a - 14, 5*a - 22 - 9 = -2*s. Calculate the greatest common factor of 10 and s.
2
Let u(t) = t**2 + 5*t + 27. Let v be u(-10). What is the greatest common divisor of v and 7?
7
Let o(z) = z + 2. Let c = 5 - 2. Let f be o(c). What is the greatest common divisor of 10 and f?
5
Suppose 4*q - 372 = -36. What is the greatest common divisor of 12 and q?
12
Let j = -25 - -40. Let h = j - 11. Suppose 2*g - 51 = -h*p + 25, 0 = 2*p - 6. Calculate the highest common divisor of 16 and g.
16
Let l be 6*(2 - (-9 - -2)). Let i(j) = j**3 + 4*j**2 - 5*j + 3. Let a be i(-5). Let h be (36/(-16))/a*-8. What is the highest common factor of l and h?
6
Suppose q + 5 = 0, 10 = -3*i + 2*q - 7*q. Suppose -3*w + w - 4*u + 38 = 0, 4*w = u + 58. Calculate the greatest common factor of w and i.
5
Let o be (2/(-5))/((-1)/5). Suppose 0 = -o*w + 12 + 4. What is the greatest common divisor of 24 and w?
8
Let y be ((-10)/(-3))/(2/18*1). Let p(d) = d**3 - 4*d**2 - 4*d + 5. Let s be p(5). Calculate the greatest common divisor of y and s.
10
Suppose -11*w = -1329 - 156. What is the greatest common factor of 54 and w?
27
Suppose 2*m + 2*y = -2*m + 40, 60 = 4*m - 3*y. Suppose -6*n + 217 = -287. What is the highest common factor of n and m?
12
Suppose 8*t - 152 = 160. What is the greatest common factor of 26 and t?
13
Let i(a) = a**2 - 7*a + 2. Let g be i(5). Let m = g - -15. Calculate the highest common factor of 21 and m.
7
Let p(u) = 3*u**2 + 4*u - 3. Let o be p(-9). Let y = -114 + o. Calculate the greatest common divisor of 36 and y.
18
Let t(k) = k**2 + 8*k + 11. Let o be t(-8). Let f be 156/o - (-4)/(-22). Calculate the highest common divisor of 84 and f.
14
Let q(i) = 9*i - 2. Let f be q(2). Suppose 2*g - 6 = 0, 16 = 4*l - 5*g - 17. Let v be (6*11)/(l/32). Calculate the highest common factor of v and f.
16
Suppose 6*j - 90 = j. Calculate the greatest common factor of 18 and j.
18
Let s = -7 + 52. Calculate the greatest common factor of 9 and s.
9
Let g be 37 - (1 + -1 + 0). Suppose 0 = -i + 5 - 4, -4*a + g = -3*i. Calculate the greatest common factor of 40 and a.
10
Let s be (-2)/(-5) - (-26)/10. Let j be (2 - s)/(4/24). Let b(w) = -w**3 - 4*w**2 + 8*w + 4. Let n be b(j). What is the highest common divisor of 7 and n?
7
Let g = 16 + 6. What is the greatest common divisor of 154 and g?
22
Suppose 45 = 2*z + z. Suppose 3*h - 15 = -2*h. What is the highest common factor of z and h?
3
Let i = -68 - -109. Let q = -29 + i. What is the greatest common divisor of 108 and q?
12
Suppose -19 + 1 = 2*t. Let z(o) = -14*o - 5. Let q be z(t). What is the greatest common divisor of q and 11?
11
Suppose o = 3 - 0. Let v be 1 - (-9 + (-3)/o). What is the highest common factor of v and 99?
11
Suppose -2655 = -12*i + 3*i. Calculate the highest common divisor of 59 and i.
59
Let q(h) = -h**3 + h**2. Let a(y) = -y**3 - 6*y**2 + 8*y - 4. Let x(i) = a(i) - 2*q(i). Let f be x(8). Calculate the greatest common divisor of 24 and f.
12
Let d = 12 + 4. What is the greatest common factor of d and 16?
16
Suppose 0 = -0*k + k - 3. Suppose -k*r = -8*r + 125. Suppose 0 = -5*w + r + 15. What is the highest common factor of w and 2?
2
Let r(s) = 8*s + 4. Let w be r(5). Suppose 3*d - 2*i - 29 = 0, 2*d - 3*i = -2*d + 38. What is the highest common factor of w and d?
11
Let q be 21 - ((-2)/(-1) - 5). What is the greatest common factor of q and 8?
8
Let n = 8 + -74. Let i = 102 + n. Let z(s) = -4*s - 10. Let k be z(-7). What is the highest common divisor of k and i?
18
Let p = -154 - -298. What is the highest common factor of p and 36?
36
Suppose -2*l = -4*v - 3 - 3, 5*l + 3*v = -24. Let f(u) = -13*u + 3. Let w be f(l). What is the greatest common divisor of 28 and w?
14
Let t(k) = k**3 + 5*k**2 - 2*k - 6. Let l be t(-5). Suppose -l*x = 3*w - 19, 2 = -x - 4*w - 3. Calculate the highest common divisor of x and 7.
7
Suppose 41 = -5*m + 106. Let f be (-1)/(2/2) - -53. What is the greatest common divisor of m and f?
13
Let d = -10 + 20. Calculate the highest common factor of 50 and d.
10
Let u(s) = s**2 + 3*s + 2. Let q(v) = 2*v - 12. Let g be q(8). Let f be g/6 + 55/(-15). Let y be u(f). What is the greatest common factor of y and 1?
1
Suppose -10 = -6*f + f. Let d(b) = 0*b**2 + 0*b**3 - b**3 + f*b**2 + 3*b + 1. Let c be d(3). What is the highest common divisor of c and 6?
1
Let r(y) = -35*y + 1. Let n be r(-1). Let m(t) = -55*t - 1. Let a be m(-1). Calculate 